ainder when 851 is divided by 18.
5
Calculate the remainder when 133 is divided by 83.
50
What is the remainder when 4737 is divided by 30?
27
What is the remainder when 374 is divided by 76?
70
What is the remainder when 343 is divided by 154?
35
What is the remainder when 91 is divided by 23?
22
Calculate the remainder when 181 is divided by 57.
10
What is the remainder when 23551 is divided by 32?
31
Calculate the remainder when 204 is divided by 37.
19
What is the remainder when 2668 is divided by 225?
193
What is the remainder when 169 is divided by 43?
40
Calculate the remainder when 179 is divided by 10.
9
What is the remainder when 107 is divided by 10?
7
What is the remainder when 598 is divided by 6?
4
What is the remainder when 375 is divided by 82?
47
What is the remainder when 47 is divided by 44?
3
What is the remainder when 365 is divided by 106?
47
What is the remainder when 28 is divided by 3?
1
What is the remainder when 267 is divided by 27?
24
What is the remainder when 368 is divided by 232?
136
What is the remainder when 5281 is divided by 38?
37
What is the remainder when 512 is divided by 247?
18
What is the remainder when 679 is divided by 133?
14
What is the remainder when 1402 is divided by 117?
115
Calculate the remainder when 1485 is divided by 31.
28
Calculate the remainder when 3225 is divided by 7.
5
What is the remainder when 1277 is divided by 7?
3
What is the remainder when 270 is divided by 88?
6
Calculate the remainder when 93 is divided by 49.
44
What is the remainder when 71 is divided by 6?
5
Calculate the remainder when 144 is divided by 26.
14
Calculate the remainder when 346 is divided by 12.
10
Calculate the remainder when 333 is divided by 14.
11
Calculate the remainder when 18 is divided by 7.
4
What is the remainder when 2149 is divided by 306?
7
What is the remainder when 5698 is divided by 10?
8
Calculate the remainder when 1517 is divided by 95.
92
Calculate the remainder when 80 is divided by 22.
14
What is the remainder when 19 is divided by 10?
9
Calculate the remainder when 5126 is divided by 20.
6
What is the remainder when 2836 is divided by 36?
28
Calculate the remainder when 532 is divided by 92.
72
Calculate the remainder when 895 is divided by 17.
11
Calculate the remainder when 341 is divided by 212.
129
Calculate the remainder when 8079 is divided by 172.
167
Calculate the remainder when 737 is divided by 81.
8
Calculate the remainder when 420 is divided by 106.
102
What is the remainder when 122 is divided by 19?
8
Calculate the remainder when 54 is divided by 11.
10
Calculate the remainder when 5398 is divided by 10.
8
What is the remainder when 139 is divided by 30?
19
Calculate the remainder when 75028 is divided by 11.
8
Calculate the remainder when 23 is divided by 20.
3
What is the remainder when 495 is divided by 142?
69
What is the remainder when 2226 is divided by 97?
92
What is the remainder when 605 is divided by 202?
201
What is the remainder when 5 is divided by 4?
1
What is the remainder when 1041 is divided by 83?
45
Calculate the remainder when 1065 is divided by 147.
36
Calculate the remainder when 130 is divided by 92.
38
What is the remainder when 1724 is divided by 32?
28
What is the remainder when 3071 is divided by 3?
2
Calculate the remainder when 876 is divided by 228.
192
What is the remainder when 1983 is divided by 14?
9
Calculate the remainder when 19 is divided by 13.
6
Calculate the remainder when 807 is divided by 156.
27
Calculate the remainder when 5642 is divided by 33.
32
What is the remainder when 6299 is divided by 50?
49
What is the remainder when 82 is divided by 37?
8
Calculate the remainder when 2102 is divided by 209.
12
What is the remainder when 93 is divided by 51?
42
What is the remainder when 40 is divided by 9?
4
Calculate the remainder when 954 is divided by 31.
24
What is the remainder when 15 is divided by 9?
6
Calculate the remainder when 1074 is divided by 25.
24
What is the remainder when 3355 is divided by 116?
107
What is the remainder when 250 is divided by 152?
98
Calculate the remainder when 1571 is divided by 1534.
37
Calculate the remainder when 67 is divided by 56.
11
Calculate the remainder when 322 is divided by 19.
18
What is the remainder when 27118 is divided by 20?
18
Calculate the remainder when 232 is divided by 202.
30
Calculate the remainder when 129 is divided by 22.
19
Calculate the remainder when 3709 is divided by 106.
105
What is the remainder when 777 is divided by 3?
0
Calculate the remainder when 88 is divided by 30.
28
What is the remainder when 82 is divided by 50?
32
Calculate the remainder when 1001 is divided by 496.
9
What is the remainder when 16 is divided by 16?
0
What is the remainder when 2249 is divided by 15?
14
What is the remainder when 495 is divided by 36?
27
What is the remainder when 1030 is divided by 345?
340
What is the remainder when 9618 is divided by 283?
279
Calculate the remainder when 85 is divided by 29.
27
Calculate the remainder when 16760 is divided by 58.
56
What is the remainder when 11097 is divided by 37?
34
What is the remainder when 28 is divided by 10?
8
Calculate the remainder when 870 is divided by 62.
2
What is the remainder when 519 is divided by 87?
84
What is the remainder when 423 is divided by 25?
23
Calculate the remainder when 112 is divided by 105.
7
Calculate the remainder when 645 is divided by 74.
53
What is the remainder when 214 is divided by 8?
6
What is the remainder when 826 is divided by 822?
4
Calculate the remainder when 1030 is divided by 515.
0
Calculate the remainder when 404 is divided by 16.
4
Calculate the remainder when 117 is divided by 53.
11
What is the remainder when 17725 is divided by 32?
29
Calculate the remainder when 26970 is divided by 44.
42
What is the remainder when 54 is divided by 43?
11
Calculate the remainder when 55 is divided by 31.
24
What is the remainder when 681 is divided by 269?
143
What is the remainder when 56 is divided by 36?
20
Calculate the remainder when 316 is divided by 46.
40
What is the remainder when 458 is divided by 5?
3
What is the remainder when 402 is divided by 349?
53
What is the remainder when 503 is divided by 28?
27
What is the remainder when 84 is divided by 33?
18
What is the remainder when 224 is divided by 25?
24
Calculate the remainder when 118 is divided by 20.
18
What is the remainder when 33597 is divided by 56?
53
Calculate the remainder when 6734 is divided by 16.
14
What is the remainder when 340 is divided by 12?
4
Calculate the remainder when 377 is divided by 91.
13
Calculate the remainder when 1426 is divided by 131.
116
Calculate the remainder when 98 is divided by 48.
2
Calculate the remainder when 2117 is divided by 349.
23
Calculate the remainder when 6909 is divided by 91.
84
What is the remainder when 150 is divided by 39?
33
Calculate the remainder when 382 is divided by 23.
14
What is the remainder when 74 is divided by 25?
24
What is the remainder when 142 is divided by 30?
22
Calculate the remainder when 2423 is divided by 137.
94
Calculate the remainder when 13412 is divided by 13412.
0
What is the remainder when 88 is divided by 29?
1
Calculate the remainder when 1038 is divided by 150.
138
What is the remainder when 93 is divided by 51?
42
Calculate the remainder when 1453 is divided by 377.
322
Calculate the remainder when 323 is divided by 12.
11
Calculate the remainder when 265 is divided by 19.
18
What is the remainder when 10454 is divided by 14?
10
What is the remainder when 2806 is divided by 3?
1
Calculate the remainder when 160 is divided by 85.
75
Calculate the remainder when 122 is divided by 65.
57
What is the remainder when 418 is divided by 20?
18
What is the remainder when 309 is divided by 52?
49
Calculate the remainder when 2179 is divided by 13.
8
Calculate the remainder when 975 is divided by 38.
25
What is the remainder when 290 is divided by 70?
10
What is the remainder when 1828 is divided by 57?
4
Calculate the remainder when 94 is divided by 82.
12
Calculate the remainder when 131 is divided by 7.
5
Calculate the remainder when 126 is divided by 65.
61
Calculate the remainder when 934 is divided by 12.
10
Calculate the remainder when 